2).
8
Evaluate 1 + 1 + (-7 - -7).
2
What is the value of (6 - (9 + -7)) + -5?
-1
Calculate (-2 + -2 - -6) + -2 + -7.
-7
Calculate -16 + (-6 - -5) + 11.
-6
Evaluate 2 - 4 - 1 - (-84 + 83).
-2
Evaluate 3 + (5 - (2 + 0)) - 1.
5
Evaluate 1 - (-19 - -24 - (3 - -1)).
0
What is the value of -2 + (-1 - 0) - (0 - 3)?
0
Calculate (26 - 31) + 0 + 5.
0
What is 7 + -18 + 5 + (4 - 6)?
-8
What is the value of -18 + (-6 - -12) - -2 - -6?
-4
What is the value of -4 + (-1 - (8 - 3 - 11))?
1
What is 4 + -1 + 0 + 19 + -25?
-3
Calculate -2 - (0 - -8) - -11.
1
What is the value of -1 + (-5 - -4) + -2 - -8?
4
Calculate 4 + -4 + 3 - -2.
5
What is the value of (12 - 17) + 4 + 1?
0
3 - (-4 - 0 - (-15 + 15))
7
Calculate (-3 - -3) + (7 - 2).
5
What is (-2 - -2 - 1) + (-12 - -13)?
0
Calculate -9 + 2 + 0 + (5 - 3).
-5
What is 5 + (-11 - -5 - -5)?
4
Calculate 6 + (22 - 17) + -21 + 1.
-9
20 + -22 + (4 - 1) + -2
-1
Calculate 6 + (-15 - (0 + -7)) - 0.
-2
(-2 - (-6 + -2 + 2)) + -3
1
Calculate -9 + (1 - 4) + 3 - -5.
-4
0 - (-14 + 8 - -1)
5
(12 - (4 - -4)) + 3 + 0
7
-6 + 2 + 8 + 5
9
-52 + 52 + (-3 + 8 - 0)
5
What is the value of 2 - 7 - (4 + -21 - -11)?
1
What is the value of 4 - (-6 + 4 + 7)?
-1
(0 - 2 - 0) + 3 + 0
1
Calculate 3 - (5 + (-2 - 4) + 0).
4
Calculate 3 + -1 - -1 - 2.
1
Calculate -4 + (7 - 6) + 2 + 7.
6
What is (11 - (28 + -12)) + 10?
5
What is the value of 15 + -9 + 2 + -7 + 5?
6
Calculate 9 - 0 - (18 + -7 - 6).
4
What is (1 - (-1 + -4)) + (-14 - -8)?
0
What is -3 - (6 - (3 + 5))?
-1
Calculate 7 + (-7 - -7) + -10.
-3
What is the value of -10 + 15 - (3 + -3)?
5
What is the value of 7 + -1 + (18 - 23)?
1
What is the value of 0 + 5 + -2 + 0?
3
Evaluate -3 + 0 - (-5 - -4).
-2
-2 + (14 - 8) + -9 + 7
2
What is the value of -4 + 1 + -1 + 1?
-3
Calculate -1 - (-2 + -1 - 2).
4
What is the value of (4 - (2 - -5)) + 0?
-3
Evaluate (8 - 5 - -2) + 1 + -5.
1
Evaluate (3 - 1) + -2 + -1 - 6.
-7
Calculate 14 + -13 - (0 - -4).
-3
What is 4 + 4 + (-15 - -7 - -6)?
6
1 + 2 + (1 + -9 - -9)
4
Calculate (1 - 0) + (-4 - 2) + 2.
-3
Calculate -5 - (-2 + (0 - -3)) - -3.
-3
Evaluate (0 - 3) + (13 - 13).
-3
What is the value of 4 + (-5 - -12 - 6) + -3?
2
Calculate (27 - 24) + 0 + -1 + -4.
-2
What is the value of -6 + 3 - -6 - -2?
5
4 + (-7 + 3 + 7 - 10)
-3
What is 0 + (-3 - -1) + 5?
3
-15 + (-1 + (-6 - -8) - -5)
-9
Evaluate -4 + 9 - (-9 + 9).
5
Evaluate 4 + (-7 + 4 - -4).
5
Calculate 152 + -145 - (3 + -2 + 3).
3
What is the value of (-12 + 6 - 4) + 3?
-7
What is (2 - 5) + (1 - -1) - -1?
0
What is -13 - -17 - ((4 - 3) + 5)?
-2
Calculate (0 - 2 - (-10 - -7)) + -1.
0
Calculate -5 + 4 + -2 + -2.
-5
What is the value of 12 - 10 - (-1 - -4)?
-1
What is the value of 2 - 4 - (-3 + 0 + -2)?
3
Calculate -8 + (3 - (8 + -5)) + 6.
-2
Calculate -9 + (16 + -8 - 7).
-8
What is 9 + 0 + 1 + -6?
4
(-1 - -4) + -6 + 1
-2
(0 - 4) + (-30 + 21 - -17)
4
What is the value of 12 - (9 + -3 + -3) - 4?
5
Evaluate (-4 - -6) + 0 + -2 - -5.
5
What is -8 - 0 - -9 - (-1 + -1)?
3
What is -7 - (1 + -4 - (-31 - -34))?
-1
(2 - -4) + -4 + 0
2
What is the value of (-7 + 0 - -14) + 5 + -6?
6
Evaluate -15 + 13 + (-1 - (-5 - -2)).
0
What is the value of -3 - 4 - (4 + -7)?
-4
Calculate -10 + 3 + 6 + 0.
-1
What is 7 + 8 + (-9 - 2)?
4
What is -1 + 1 + -1 - (1 - -4)?
-6
What is the value of (5 - -1) + -12 + 9?
3
What is 4 + (0 - -4 - 3)?
5
Calculate (0 - -2) + 5 + (6 - 10).
3
What is 3 + -5 + -2 + 7?
3
What is the value of (2 - (3 + 0)) + 3 + -6?
-4
What is -3 + 10 + -14 + 0?
-7
-3 - (18 - 15 - (8 - 1))
1
Calculate (1 - -1) + 2 - (7 + -1).
-2
What is the value of 5 + 2 - (-6 + 11 + -5)?
7
-3 - (3 - 11 - 0)
5
0 + (-3 + 4 - 4) + 8
5
What is 7 + -6 + 2 - (-1 - -8)?
-4
What is the value of 3 - (1 + 4 - 3)?
1
Evaluate (-7 + 6 - -11) + -13.
-3
8 + (3 - -2 - 12)
1
What is the value of -4 + -1 - -4 - -2?
1
Evaluate 7 - (22 - 9) - -11.
5
Evaluate (-4 - (-5 + -3)) + -6.
-2
Evaluate (-7 + 7 - -1 - 7) + 1.
-5
3 + (-20 + 11 - 0)
-6
What is the value of 4 + -3 + (-2 - -2) + 4?
5
What is 2 + (1 - (-4 - -5) - 8)?
-6
What is -7 - (-8 + 7 - 7 - -4)?
-3
Calculate 2 + 0 - ((21 - 8) + -12).
1
What is (-8 + -1 - -3) + 5 - 0?
-1
Calculate 3 + 0 + 0 + (-5 - -6).
4
(0 - 4 - 0) + 0
-4
What is (3 - 11) + 7 + 0?
-1
0 - -2 - ((7 - 13) + 6)
2
-5 - (2 + 1 + -7) - 2
-3
What is -2 - -7 - (-8 - (0 - 13))?
0
Evaluate 2 - 15 - -8 - -11.
6
What is the value of -5 - (6 - 3) - -2?
-6
Evaluate -3 + 2 + (13 + -4 - 11).
-3
What is the value of -7 + 8 + 2 - (0 - 1)?
4
Calculate (-6 - -3) + (6 - (-4 + 2)).
5
What is the value of 0 + 4 + -6 + -3?
-5
1 + (-3 - (-8 + 4)) + -5
-3
Evaluate -2 - -2 - (0 - -1).
-1
-4 + (10 - (0 + 1))
5
Calculate 14 + (-35 - (7 - 19)).
-9
Calculate 0 - (1 - -2) - -4 - -3.
4
What is the value of (3 - (-2 + -2)) + -7?
0
What is the value of (5 - 9) + (-1 - -2)?
-3
1 + 4 + -25 + 19
-1
Calculate 0 - (4 - -2) - (-1 - 0).
-5
-5 - (-2 - (3 + -3))
-3
What is 5 - 7 - (2 + -2)?
-2
What is the value of 5 + (-4 - (1 - 4))?
4
Evaluate 0 - (-4 - (-11 - -9)).
2
What is 5 - ((-7 - -14) + -6)?
4
Evaluate 22 + -27 - (8 - 4 - 5).
-4
What is (-1 + (-2 - -6) - 5) + 7?
5
Calculate -5 + 9 + (-3 - 2).
-1
Calculate 14 + -6 + (-2 - 4).
2
What is -1 + -3 + (-1 - -5)?
0
Evaluate 1 + -9 + 5 + -1 + 3.
-1
Evaluate (1 - 2 - 1) + 3 - 3.
-2
Evaluate (-10 - (-12 - -13)) + 6.
-5
What is 4 - (2 + 7 + 0)?
-5
-11 - -5 - ((2 - 8) + 3)
-3
What is 10 - (-2 + 9) - (-1 - 0)?
4
What is (5 - -2 - 4) + (2 - 2)?
3
What is (10 - 3 - 4) + -1 + -5?
-3
Calculate 13 + (-17 - -3) + -2.
-3
What is 6 + 4 + -9 - 5 - -2?
-2
0 + (-5 - -1) - 0
-4
What is the value of 12 - 10 - (4 + -2 - -4)?
-4
Evaluate -4 + (2 - (2 - 2)) - -4.
2
What is the value of -10 + 1 + (0 - -4)?
-5
Calculate 5 - (3 + 2 - (9 - 2)).
7
-1 + (2 - 6) - (-16 - -4)
7
-3 + 4 + (0 - 2)
-1
What is (10 - 1) + (-9 - -3)?
3
What is the value of 4 + 4 + 5 + -9?
4
Evaluate 1 + (0 - (1 - (6 + -4))).
2
Evaluate 4 - (1 + 8 + -2).
-3
Calculate -7 + 4 + -1 + -1.
-5
What is 9 - (16 - (3 + 6))?
2
Evaluate -2 - (-4 + 10 + -1 - 2).
-5
Calculate 4 - 1 - (10 + (7 - 10)).
-4
(-13 + -2 - -9) + 2 + -1
-5
Calculate -3 - (3 + -4) - (-12 - -5).
5
Evaluate -2 + (0 - 1) - 1 - -1.
-3
What is the value of -4 + -4 + (12 + -1 - -2)?
5
What is -10 - -13 - 9 - (2 - 6)?
-2
Evaluate 3 - ((-4 - 2 - -3) + 4).
2
What is (0 - -11) + (0 - 5)?
6
What is 2 + 0 - -4 - 2?
4
Evaluate (4 - (0 - -6)) + -3 - -6.
1
What is the value of -18 + 16 + -3 + 6?
1
Calculate -13 - (-6 - 12 - -8).
-3
What is (1 - 11) + 4 + -2?
-8
What is (3 + 10 - 9) + 0?
4
What is the value of -1 + -5 - (-5 - -2)?
-3
What is the value of (15 - (-6 + 12)) + -5?
4
Evaluate (-3 + 8 - 3) + -5 + 4.
1
What is the value of -9 - ((-12 - -2) + 4)?
-3
-8 + 5 - (-7 + 1)
3
Calculate -9 + 7 + -12 + 5.
-9
Calculate 1 - (-4 - -2 - -1).
2
-1 - (-2 - (3 - 4) - 2)
2
-18 + (9 - 3) - -4
-8
What is the value of (-1 - 8) + (11 - 4) + -2?
-4
Calculate (-5 - (5 - 22)) + -5.
7
2 - ((1 - 2) + 5)
-2
What is 1 - (-8 - -3 - -10)?
-4
Calculate 2 + 1 + -12 - -3.
-6
Calculate 20 + 27 + -41 + (-1 - 13).
-8
-6 - -5 - -7 - 3
3
-5 + 2 + 4 + (2 - 0)
3
2 + -2 - 0 - -4
4
What is the value of (-9 - (4 - 12)) + 1?
0
Calculate (-2 - 1) + (5 - (-1 - 0)).
3
What is the value of -2 + -12 + 13 + 4 + 2?
5
-1 + (1 - 0) + 3 + -8
-5
Evaluate (2 - 0) + 0 + (-3 - -6).
5
-6 + 4 + 0 - 2 - -5
1
Calculate 15 - 17 - (-2 - 0).
0
(-1 - (0 + 2)) + 2 + -2
-3
What is (-4 - -9) + -2 + -5?
-2
What is the value of -9 - -11 - (1 - -2 - -4)?
-5
What is -2 + 1 + -8 + 2 + 3?
-4
What is the value of 1 - (3 + -8) - (1 + 0)?
5
(-2 - (-2 - 3)) + -62 + 57
-2
What is 4 - (0 - 2 - (-15 - -2))?
-7
Calculate -8 + 2 + -2 + 4 + 1.
-3
What is 2 - (4 - 3) - 1?
0
What is the value of 3 + (8 + 1 - (14 + -7))?
5
What is the value of 4 - (1 + 2) - (-10 + 8)?
3
Calculate 3 + (4 - 9 - 3).
-5
Calculate 1 - 11 - (-20 + 13).
-3
Calculate -10 + (0 - -17) + -1 + -3.
3
What is (8 + -9 - (-2 + 0)) + 4?
5
Calculate 5 - (3 - 1 - -1) - 5.
-3
Evaluate 3 + 1 + (1 - 4).
1
Evaluate 9 + -16 + (6 - 4 - -3).
-2
What is 6 + (-19 - (11 - 18))?
-6
Evaluate -6 - ((0 - 1) + 1) - -1.
-5
-8 - ((-11 - -2) + 8)
-7
11 + -20 - (-5 + (-1 - -1))
-4
-4 - (8 - 6) - -3 - 1
-4
What is the value of -6 + 3 - (0 + 0)?
-3
Calculate -12 + 8 - (2 + 0).
-6
Evaluate -8 + -5 + (4 - -5).
-4
(0 - (0 - -4)) + -1
-5
What is the value of (3 - (-6 - -5)) 